ulate the highest common factor of y and u.
18
Let a be ((-7)/(-21))/((-2)/(-24)). Suppose -3*n - r - 18 = -0, 0 = -2*n + 2*r - a. Let q = n - -17. What is the highest common divisor of q and 3?
3
Suppose z - 4 + 18 = 2*a, 41 = 5*a - z. Let p be 1/(39/a - 4). What is the greatest common divisor of p and 3?
3
Suppose 0*u + 3*p = 2*u - 67, -u - p + 21 = 0. Let l be -3 - (0 + -1)/(-1). Let c be 13 + 0*(-2)/l. What is the highest common divisor of c and u?
13
Let s = -44 - -95. What is the highest common factor of 34 and s?
17
Let h = 4 - -4. Let m be (3 - 6)*(-21)/9. Suppose -m*k + h = -3*k. Calculate the greatest common factor of 22 and k.
2
Suppose -6*z + 26 = -4*z. What is the highest common factor of 143 and z?
13
Let g = -1 - -2. Let a(w) = -w**3 + 1. Let k be a(g). Suppose k*p - 10 = -p. Calculate the greatest common divisor of 10 and p.
10
Let l = -59 + 99. Calculate the highest common divisor of l and 10.
10
Suppose -4*r + 34 = 2*q, q + 3*r - 12 = -0*q. Calculate the highest common factor of q and 9.
9
Let u = -67 - -114. Let p = -27 + u. What is the highest common factor of p and 220?
20
Let d = 15 - 11. Suppose -2 = w - d. What is the highest common divisor of 10 and w?
2
Suppose -90 - 42 = -4*j. Calculate the highest common divisor of j and 231.
33
Let z(g) = g**2 - 7*g - 5. Let o be z(7). Let m(w) = w**3 + 5*w**2 - w - 1. Let h be m(o). Calculate the greatest common divisor of 4 and h.
4
Suppose 3*y = -2*y - 5*p + 40, -p - 28 = -5*y. What is the greatest common divisor of 2 and y?
2
Suppose k + 4*k - 5 = 0. Suppose k = u - 3. Calculate the greatest common factor of u and 12.
4
Suppose -2*m = -5*n - 10, 0*m + 3*n + 6 = 2*m. Suppose m = w - 2. Let p = 0 - -3. Calculate the greatest common factor of p and w.
1
Let l be (1 - 2)/((-2)/60). Let t(x) = -x**3 + 5*x**2 + 6*x + 6. Let p be t(6). What is the greatest common divisor of l and p?
6
Let n be 852/8 + (-1)/2. Suppose -g = 4*v + 4*g - 209, n = 2*v + 4*g. What is the highest common factor of 17 and v?
17
Let r be (-2)/((-3)/((-978)/4)). Suppose 3*p + 88 = -71. Let h = p - r. What is the greatest common factor of 10 and h?
10
Suppose -4*r - l - 887 = 0, 5*l - 145 = -2*r - 584. Let p be 4/(-14) + r/7. Let t = p - -142. Calculate the greatest common divisor of t and 10.
10
Let k be (-284)/(-10) - 6/(-10). What is the highest common divisor of 145 and k?
29
Let d = 23 - -8. Suppose -v - 19 = k, 0 = -v - 0*v + 2*k - d. Let s = 4 - v. Calculate the greatest common divisor of 9 and s.
9
Suppose 0*t + 949 = -2*l + t, 2*t = l + 482. Let c be 1/4 + l/(-32). What is the highest common factor of 15 and c?
15
Let x = -39 - -79. What is the highest common divisor of x and 100?
20
Suppose 3*v + 1 + 2 = -4*c, 3*c + 9 = 0. Suppose v*a = 2*w - 69, 3*w - 4*a = -0*w + 102. Calculate the highest common factor of w and 10.
10
Let w = -5 - -5. Suppose w + 6 = m. Calculate the greatest common factor of 66 and m.
6
Let x(g) = g**3 - 5*g**2 + g + 7. Let q be x(5). Suppose 0 = 5*n - 101 - 439. Calculate the greatest common factor of n and q.
12
Let o be 4/2 - (-2 - 1). Suppose 0 = -s + 3, 4*h + h - o*s - 150 = 0. Calculate the highest common factor of 3 and h.
3
Let k be (-2*4)/(4/(-8)). Let j(l) = 5*l**3 + l**2 - 3*l + 2. Let s be 2/(-7) - 16/(-7). Let f be j(s). Calculate the greatest common divisor of f and k.
8
Suppose 5*p = 3*n - 34, -8*n - 2*p = -5*n - 20. Let h(q) = -q**3 + q**2 + 3*q + 2. Let z = 3 - 5. Let c be h(z). What is the highest common factor of c and n?
8
Suppose 0*h = h - 3. Suppose c - 6 = -c. What is the greatest common divisor of h and c?
3
Let o = -6 + 10. Let w = 6 - o. Let i(q) = q**2 + 2*q - 2. Let p be i(w). What is the greatest common divisor of 48 and p?
6
Let x(j) = j**3 + 11*j**2 - 2*j + 13. Let c be x(-11). What is the greatest common divisor of c and 14?
7
Suppose 4*a + 3*b - 41 = -2*b, -a = 5*b - 29. Suppose a*i + 0*i - 16 = 0. Calculate the highest common divisor of i and 8.
4
Let l be 0/4 + 6/(-1). Let i = 10 + l. Suppose 0 = -i*r + 15 + 9. Calculate the greatest common divisor of r and 12.
6
Let q be ((-68)/(-10))/((-3)/(-15)). Suppose -j = -o + 121, -o - j = -q - 95. What is the greatest common divisor of o and 25?
25
Suppose -61 = -g + 4*i, 4*i - 18 = -g + 35. Suppose -189 = -4*h - h + z, -2*z = 4*h - 154. Calculate the highest common factor of h and g.
19
Let u be 1/6*8*-3. Let o be u/18 - (-1808)/36. Calculate the highest common factor of 25 and o.
25
Let i(n) = n**3 - 9*n**2 - 10*n + 4. Let c be i(10). Let w be 34/c + 6/4. Calculate the highest common divisor of w and 50.
10
Suppose -s - 45 = 4*s. Let h be 11 + s + 40/1. Suppose 5*z - 8 = h. Calculate the highest common divisor of 20 and z.
10
Suppose -c - 9 = -2*n, -40 = 5*c + 4*n - 9. Let t = c - -15. What is the highest common divisor of 12 and t?
4
Suppose 4*x = -2*z + 60, -z - z + 4*x = -36. What is the highest common factor of 4 and z?
4
Suppose 5*q = -3*k - 0 + 1, -19 = -5*k - 4*q. Calculate the highest common divisor of k and 1.
1
Suppose -3*y = 4*z - 82, 5*y + 2*z - 214 = -68. Calculate the highest common factor of y and 240.
30
Suppose 8 = -11*o + 15*o. Suppose 0 = -o*g - 45 + 285. Calculate the greatest common factor of 24 and g.
24
Let h be 2 + 1 + 12/6. Suppose 3 = i - c + 2*c, 4*i + h*c = 10. Suppose 2*z - i*m - 67 = 179, 374 = 3*z - 5*m. What is the highest common divisor of z and 16?
16
Suppose 18 + 24 = 2*y. Calculate the highest common factor of y and 3.
3
Suppose 0 = -3*g + 4*q + 18, -q = 3*g - 2 - 1. What is the highest common factor of g and 18?
2
Suppose 0*d - 3*d + 756 = 0. Suppose 79 = 5*h + u + 370, 4*u = 4*h + d. Let s = -35 - h. Calculate the highest common divisor of s and 3.
3
Suppose -2*n = 5*f - 55, -82 + 17 = -5*f - 4*n. Suppose -5*v + 2*v = -135. Calculate the highest common factor of v and f.
9
Let i = -6 + 3. Let t be 4/i*(-6)/4. Suppose -t*a = a - 429. What is the highest common divisor of a and 13?
13
Suppose 0 = -l - 0*l - 18. Let z = -10 - l. Suppose 194 = 4*p - 158. What is the greatest common divisor of z and p?
8
Suppose -y = -3*w + 245, -w + 3*y = -37 - 58. Calculate the highest common factor of 120 and w.
40
Suppose -6*u + 61 = -11. Suppose v + v - 120 = 0. Calculate the greatest common divisor of u and v.
12
Suppose -3*h + 3*v = -42, -4*v = -h - v + 8. Calculate the highest common divisor of 85 and h.
17
Suppose 4*j + 0*j = 396. Let x be 16/2 - 3 - -4. What is the highest common divisor of x and j?
9
Suppose i = -2*i, 0 = -f - 5*i + 4. Suppose -2*x = x - 84. Calculate the highest common divisor of x and f.
4
Suppose 2*m - 100 = p + p, 3 = -p. Suppose g - 7 = -2*x + x, 2*x - m = -5*g. Calculate the greatest common factor of g and 88.
11
Suppose 0 = -4*p - 3*g + 16, -2*p + 26 = g - 4*g. Calculate the highest common factor of p and 35.
7
Let l = -20 + 24. Calculate the highest common factor of l and 20.
4
Let s be (-3 + -3)/2 + 8. Suppose s*v - 20 = -0*v. Let u be 17 - 2/(-4)*-2. What is the highest common factor of v and u?
4
Suppose 0 = 4*y - x + 82, -3*y - 64 = -0*y - 2*x. Let h = 7 + y. Let l = h - -22. Calculate the highest common divisor of 63 and l.
9
Let m = 6 + -3. Suppose -3*p - 243 = -3*c + p, -m*c - p + 258 = 0. Calculate the highest common factor of c and 34.
17
Let n(a) be the first derivative of 29*a**2/2 - 2*a + 4. Let h be n(2). Let u be ((-14)/(-5))/((-2)/(-10)). What is the greatest common factor of h and u?
14
Let a(u) = -2*u - 1. Let p be a(-2). Suppose -4*g + 3*g = -b, -5*g + 8 = p*b. Suppose k = -b + 3. Calculate the highest common factor of 8 and k.
2
Let u = -56 - -72. What is the highest common factor of u and 24?
8
Let m = 6 - -9. Let h be m*(-1 - 33/(-9)). Let x(n) = -n**3 - 7*n**2 + 6*n + 4. Let y be x(-8). Calculate the greatest common divisor of y and h.
20
Let u be (-2)/(-12) + 154/12. Suppose -3*k - u = -q, 3*k + 3 + 3 = 0. Calculate the highest common divisor of 1 and q.
1
Let v = 787 - 459. Suppose 4*f - 2*x = v, -f - 3*x = -8*x - 91. Suppose 29 = 3*o + 2. What is the highest common factor of f and o?
9
Suppose 3 + 417 = 21*f. Calculate the highest common factor of f and 80.
20
Suppose 4*g - 275 = 5*v + 391, -5*v = 3*g - 517. Calculate the greatest common divisor of g and 13.
13
Suppose 13 - 1 = 2*u. Suppose 2*b + 4 = 6. Let a be (-2)/b + 0 